ommon factor of i and 156?
12
Let z be (-10)/25 + 96/15. Suppose -6 = -z*f - 0*f. What is the highest common divisor of 1 and f?
1
Let j = -184 + 207. What is the greatest common divisor of 161 and j?
23
Suppose r = -r + 48. Let c be ((-8)/3)/((-1)/r). Let a = 27 + -19. What is the highest common divisor of a and c?
8
Let z be (-6)/7*(144/(-12) + 5). Calculate the greatest common divisor of 30 and z.
6
Let i = 8 - 0. Let d = -9 + 14. Suppose 189 = d*n - 171. Calculate the greatest common factor of i and n.
8
Let p be (-132)/18 - -7 - 320/(-15). Suppose 4*w = -2*l + 678, -w + 828 = 4*w - 4*l. What is the highest common factor of w and p?
21
Let u(s) = -6*s + 21 - 4*s + 13*s. Let m be u(-6). Calculate the highest common divisor of m and 1.
1
Suppose 94 = v - 2*s, -v - 5*s - 24 = -139. Suppose 0 = -5*r + 4*p + v, -p + 0*p + 11 = r. What is the highest common divisor of 40 and r?
8
Suppose -3*q - 9 - 378 = 0. Let c = -42 - q. Let i = -74 - -103. Calculate the greatest common divisor of c and i.
29
Let z = 743 + -687. What is the greatest common factor of z and 343?
7
Let c(m) = m**3 + m**2 - m - 1. Let a be c(2). Let w = -5 + a. Let y(x) = 8*x**2 - 40*x - 20. Let g be y(6). Calculate the highest common factor of w and g.
4
Let v be (1 - -101) + (7 - 1). What is the greatest common factor of 2700 and v?
108
Let q(z) = -30*z**3 + 2*z**2 + 3*z + 1. Suppose 62*j - 65*j - 3 = 0. Let c be q(j). What is the highest common factor of 3 and c?
3
Suppose -846 = -3*d + 519. What is the greatest common factor of 273 and d?
91
Let q be 4 - 2 - 12/3. Let g be (-690)/(-21) - q/14. Suppose -2 = 2*h - 5*c - 9, 0 = 2*h + 2*c - 28. What is the greatest common factor of h and g?
11
Suppose -4*q - 2*t = 308, 240 - 7 = -3*q - 2*t. Let w be 3/2 - q/(-12)*-10. Calculate the greatest common divisor of 160 and w.
32
Suppose -5*t = 100 - 15. Suppose 39 = 2*g + g. Let o = g - t. What is the greatest common divisor of o and 6?
6
Let j(k) = k**3 + 12*k**2 + 12*k + 39. Let t be j(-11). Calculate the highest common divisor of t and 140.
28
Suppose -9*z = 203 - 635. What is the greatest common factor of 432 and z?
48
Suppose -1554 = -5*o + b + 6685, -4*b = o - 1631. What is the highest common divisor of 27 and o?
27
Suppose d = 76*u - 71*u + 3000, -5*d + 3*u + 15000 = 0. What is the greatest common factor of d and 120?
120
Suppose -28*n + 132 = -27*n. Suppose 4*w = -0 + 20. Suppose -w*l + 63 - 3 = 0. Calculate the highest common divisor of l and n.
12
Let z(m) = 5*m + 35. Let j be z(-11). Let x = j - -23. What is the greatest common divisor of 3 and x?
3
Suppose 0 = 12*w - 13*w - 5*c + 421, -7*c = 5*w - 2159. Calculate the greatest common factor of w and 8.
4
Let r be (-139)/(-10) + (-39)/(-390). Let j be (14/2)/((-2)/(-16)). What is the highest common factor of r and j?
14
Let p(l) = -57*l - 300. Let x be p(-6). Calculate the highest common factor of 490 and x.
14
Let v(t) = -t + 6. Let o be v(3). Suppose w - 23 + o = 0. Let m be (4/3)/2 - (-1974)/9. What is the greatest common divisor of m and w?
20
Let w = -798 - -869. Calculate the highest common factor of 1633 and w.
71
Suppose 2*b + 26 = -3*p, 0 = -4*p - 4*b + 6*b - 16. Let k = p - -7. Suppose -k - 7 = -2*f. What is the highest common factor of f and 36?
4
Suppose 2*b - 1860 = -4*x, -5*x + 1488 = -b - 830. Calculate the greatest common factor of x and 87.
29
Let k = 35 - 63. Let f be (-8)/k + 306/7. Let s = -10 + 21. What is the greatest common factor of f and s?
11
Suppose 2*g - 5*x = 41, -4*x + 28 = g - 8*x. Suppose 0 = 5*z + 5, 2*i - 3*z - 23 = g. What is the greatest common divisor of 2 and i?
2
Let n = 61 - 67. Let r be (-5 + (-84)/18)/(2/n). Calculate the greatest common divisor of r and 116.
29
Suppose 127 = 5*t - 3*v + 9, 119 = 5*t - 4*v. Suppose m + 5*f - 43 = 0, -5*f = 2*m - 94 + t. What is the greatest common factor of 4 and m?
4
Let a(x) = 98*x**2 + 98*x + 3. Let n be a(-4). What is the highest common divisor of 18 and n?
9
Let a(n) be the third derivative of 0 + 7*n**2 + 1/60*n**5 + 0*n**3 - 1/12*n**4 + 0*n. Let s be a(-2). What is the greatest common divisor of s and 8?
8
Let v(p) = -p**3 - 21*p**2 + 48*p - 95. Let k be v(-24). Calculate the greatest common divisor of 74 and k.
37
Suppose 9*c = 934 + 380. What is the highest common divisor of c and 949?
73
Let v(d) = 9*d + 50. Let i be v(-4). Calculate the greatest common factor of i and 168.
14
Let k be (16/6)/((-2)/(-6)). Let z = 12 - k. Suppose 2*r + 19 = z*u - 3*r, 5*u - 5*r = 20. What is the highest common divisor of u and 1?
1
Suppose 14 = 13*d - 285. Calculate the highest common divisor of d and 736.
23
Let x(d) = d**3 - 37*d**2 - 25*d - 87. Let b be x(38). Calculate the highest common divisor of b and 37.
37
Suppose 2*w = -q + 346, -15 = -42*w + 47*w. Calculate the greatest common factor of 96 and q.
32
Let j be 1*2/(-2)*-483. What is the highest common factor of 69 and j?
69
Let s be 12/(-9) - (-5 + (-244)/12). Calculate the highest common factor of 6 and s.
6
Suppose -3*z - 361 = 2*q + 43, 5*z - 4*q + 710 = 0. Let v = z + 196. Suppose a - 3*g = 18, -v - 40 = -3*a - 2*g. What is the highest common factor of 180 and a?
30
Suppose 1 = -p, -3*f - 2*f = 4*p - 116. Calculate the highest common factor of 90 and f.
6
Let p be 2/((-12)/(-9))*2. Let n be 26/39 - 365/p. Let k be (-6)/15*(n - -1). What is the greatest common factor of 6 and k?
6
Let y = 6 - -5. Let i be (-532)/(-36) + 6/27. Let c(g) = g + 62. Let t be c(i). Calculate the highest common factor of y and t.
11
Let j(d) = d**3 + d**2 - 3*d - 2. Let g be j(3). Calculate the highest common divisor of 175 and g.
25
Suppose -9 = -6*w + 5*w. Suppose 4*j - 29 = -w. Suppose -4*q - 11 + 55 = -j*z, 5*z = -q + 36. Calculate the highest common factor of q and 2.
2
Let i be -2*((-26)/(-6))/((-62)/279). Calculate the greatest common divisor of 897 and i.
39
Let y = -1833 - -1903. What is the greatest common factor of 10 and y?
10
Let k = 54 + -86. Let y = k + 41. Calculate the highest common divisor of y and 27.
9
Suppose 0 = 11*n - 6*n - 360. Suppose -5*y + 4*y = -n. Calculate the greatest common factor of 18 and y.
18
Suppose -2*m + 5*h - 40 = 0, -6*m = -2*m + 4*h + 80. Let f be 3 - m*2/4. Calculate the greatest common factor of f and 143.
13
Let r = 17 - 30. Let b = 20 + r. What is the highest common factor of b and 49?
7
Let s = 7 + 10. Suppose p - s = -5*t, 2*t + 0*t - 3*p = 0. Suppose t*z = 33 + 30. Calculate the greatest common factor of 168 and z.
21
Let i(h) = 4*h**3 - 42*h**2 - 19*h + 10. Let n be i(11). Calculate the greatest common factor of n and 129.
43
Suppose 29*y - 212 - 107 = 0. Suppose -2*w + 603 = 5*f, -4*w = -4*f + 247 + 241. Calculate the highest common divisor of f and y.
11
Let t be 120/(-2 + 15/(-5) + 6). Calculate the greatest common divisor of t and 1500.
60
Let j(w) = 15*w - 2. Let b be j(2). Let c = b + -28. Suppose -d + 5 = -c*d. Calculate the greatest common factor of 1 and d.
1
Let z be (-9330)/(-50) + 2/5. Calculate the greatest common divisor of 11 and z.
11
Let j = -17 - -83. Let z = -58 - -102. What is the greatest common divisor of j and z?
22
Suppose -2*a = c - 30, -2*c - 3*c - 2*a + 118 = 0. What is the highest common factor of c and 88?
22
Let m(c) = 1. Let u(z) = z + 10. Let h(s) = m(s) + u(s). Let r be h(-8). Suppose r*q = 2*q + 12. What is the highest common factor of 8 and q?
4
Let j = 715 - 491. Suppose 11*m - 15*m = -j. Calculate the highest common divisor of m and 8.
8
Let f be 1*4 - (-10)/(-5)*1. Let j be (-1)/((f - 7)/145). Calculate the highest common factor of j and 261.
29
Suppose -4*j + 4*y = 7*y - 23, 0 = 2*j + 2*y - 12. Let s(v) = v**3 - 6*v**2 + v + 4. Let c be s(6). Calculate the greatest common factor of c and j.
5
Let j(d) = 11*d + 45. Let v be j(-4). What is the greatest common divisor of 29 and v?
1
Let z be ((-6)/24*-6)/((-1)/(-22)). Calculate the greatest common divisor of z and 363.
33
Let k = -8 - -13. Suppose a + 0*a = k*g - 46, 0 = 3*a + 3. Let p be 7/((-147)/6) + 443/7. Calculate the greatest common divisor of g and p.
9
Let a be (8/(-2))/(3/(-3)). Let m be (2 + 1)*(9 + -7). What is the greatest common divisor of m and a?
2
Suppose 10*q = 5*q + 3*z + 90, -54 = -3*q + 2*z. Calculate the greatest common factor of 246 and q.
6
Let a be (12/14)/